t g(d) = -29*d - 137. Let h be g(-5). Let o(b) = -5*b**3 + 6*b**2 + 20*b + 9. Let t(q) = h*m(q) - 3*o(q). Give t(-2).
5
Let k = -429 + 431. Let d(g) be the first derivative of 1/3*g**3 - k*g**2 + 11 - 3*g. Determine d(4).
-3
Let d = 0 - 0. Let v(z) = 4085098*z + z**2 + 4085101*z - 8170200*z - 14. Determine v(d).
-14
Let x(d) = -d - 15. Let p be (10/(-8))/(14/(-56)). Suppose 0 = 4*y - p*n + 20, 2*y + n + 3*n = -36. Determine x(y).
-5
Suppose 43*c + 64*c = 428. Let x(k) = 4*k**3 - 16*k**2 - 5. Give x(c).
-5
Let j be 414/126 - 16/56. Let m(o) be the first derivative of 1/4*o**4 + 1/2*o**2 - 3*o + 2 - 3*o**j. What is m(9)?
6
Let s = -960 - 371. Let i = s - -1337. Let g(l) = -l**2 + 1 - 4*l**3 + 5*l**3 - 4*l**2 - 6*l. What is g(i)?
1
Let w(k) = 2*k - 2. Let b(f) = -5*f - 3. Let h(o) = b(o) + 3*w(o). Let d = 271 - 271. Calculate h(d).
-9
Suppose -s + 4 = -0. Let b(x) = -137096 - x**2 + 8*x - 9*x + 137099. Calculate b(s).
-17
Let g(t) = -12 - t - 5 + 0. Let f(y) = -4707*y + 32939. Let k be f(7). Determine g(k).
-7
Let d(a) = a**3 - 12*a**2 - 3*a - 1. Suppose 0 = -167*n + 180*n. What is d(n)?
-1
Suppose s + 24 = -3*k, 0 = -5*s + 13*k - 9*k - 6. Let p(a) = -10*a - 5. Give p(s).
55
Let p(y) be the third derivative of -y**5/30 + 7*y**4/12 + y**3/2 - 87*y**2. Calculate p(8).
-13
Suppose a - 4 = 2. Let k(o) be the third derivative of o**4/12 - o**3 - 39*o**2 - 2*o. Calculate k(a).
6
Suppose -120 = -6*d + 66*d. Let h(v) = -43*v - 83. Give h(d).
3
Let h be ((-713)/(-253) + 2/11)*-2. Let m be -6 - (h - 4)/2. Let j(s) = -3*s**3 - s**2 + 1. What is j(m)?
3
Let x be (-4)/5*(-30)/4. Let l(o) = 1 - 4*o + 16*o + x*o. Let m(u) = 78*u - 4135. Let s be m(53). What is l(s)?
-17
Let m(k) = 3*k**2 + 188*k - 53. Let o = 834 - 897. Give m(o).
10
Suppose 46 = 6*h + 214. Let u = h - -107. Let y(f) = f**3 - u*f + 149*f - 2*f**3 + 4 + 5*f**2 - 74*f. Calculate y(3).
10
Let d(j) = -6*j**2 - 15*j + 10. Let g(p) = -p**2 + 1. Let m(h) = -d(h) + 5*g(h). Determine m(-17).
29
Let g(t) = -11*t - 11. Let c(b) = -5*b - 5. Suppose 453 = -4*o + 441. Let r(s) = o*g(s) + 7*c(s). Give r(6).
-14
Let i = -35 - -22. Let r = 15 + i. Let f(y) = 2*y - 3. Give f(r).
1
Let s be 5*(27/5)/3. Let u(c) = -4*c**2 - 4*c + 27. Let i(y) = 11*y**2 + 13*y - 76. Let d(a) = 5*i(a) + 14*u(a). Give d(s).
-2
Let x(w) = -w**2 + 2. Let m(q) be the second derivative of 2*q**3/3 - 3*q**2 - q. Let u be -13*(-3)/15 - (-99)/(-165). Let z be m(u). What is x(z)?
-2
Let z be 1 - (4 + -2) - 15. Let r(t) = -t**3 - 15*t**2 + 20*t + 26. Let g(m) = -2*m**3 - 30*m**2 + 39*m + 48. Let q(f) = 3*g(f) - 5*r(f). Calculate q(z).
-2
Let b(u) = -3*u - 3*u - u - u**2 - 7. Let y = 18034 + -18039. Calculate b(y).
3
Suppose b + 3*t = -b + 37, 4*t = 3*b - 13. Let j = b - -37. Suppose h - j = -41. Let i(c) = -c + 17. What is i(h)?
10
Let f(p) be the first derivative of -p**4/4 + 14*p**3/3 + 8*p**2 - 33*p - 4744. Give f(15).
-18
Let p(g) = g + 13. Let l(h) = h + 10. Let b(r) = -4*l(r) + 3*p(r). Let t be 24/32 - (21/(-4) - 0). What is b(t)?
-7
Let i(u) = -u**3 + 406*u**2 - 64*u + 414. Let g(j) = -31*j**2 + 5*j - 32. Let r(b) = 27*g(b) + 2*i(b). Give r(-13).
42
Let o(k) = -448*k - 1. Let s(a) = 597*a + 3. Let q(v) = -4*o(v) - 3*s(v). Let i be (-1)/((2/1)/(-8)). Give q(i).
-1
Suppose 385 = 4*s - x, -181 = -3*s - 2*x + 116. Suppose s - 106 = -z. Let p(g) = -g**3 + 10*g**2 - 8*g - 9. Calculate p(z).
0
Let s(o) = 79*o - 5. Let p(k) = 66*k - 4. Let b(x) = -6*p(x) + 5*s(x). Let z be 2/(-4)*0/12. Give b(z).
-1
Let g(n) be the third derivative of n**5/60 + 2*n**4/3 + 8*n**3/3 - 15*n**2 - 63*n. What is g(-11)?
-39
Let m(f) = -8*f + 4. Let k(v) = -3*v + 1. Let x(q) = -11*k(q) + 4*m(q). Let w(g) = -262*g - 45. Let z be w(-2). Let i = -474 + z. Give x(i).
10
Let f(d) = d - 13. Suppose 20*a = -88 + 328. Suppose a*y = 2*y + 120. What is f(y)?
-1
Let o(w) = 7*w**2 - 4*w + 22. Let g be 16/18*((-99)/(-18) - 1). Let t(j) = 12*j**2 - 7*j + 44. Let h(k) = g*t(k) - 7*o(k). Give h(0).
22
Let s(n) = n**2 + 29*n + 125. Suppose -5*z + 24 = 4*o + 29, -4*o = 3*z - 5. What is s(z)?
5
Let a(y) be the third derivative of 0*y + 5/24*y**4 - 3*y**2 + 7 + 1/120*y**6 - 2/3*y**3 + 1/10*y**5. Give a(-4).
8
Let t = -4066 + 4087. Let a(u) = -u**3 + 21*u**2 + u - 19. Determine a(t).
2
Let a be -2 + 12/14 - (-4 + 135/35). Let w(q) be the third derivative of -q**6/120 + q**5/60 + q**4/12 + q**3/6 + 8*q**2. What is w(a)?
1
Suppose 4*n = 0, 0 = 2*l - 4*l + 4*n + 10. Suppose -3 = l*y + 12. Let m(w) be the second derivative of w**4/12 + w**3/3 - w**2/2 - 130*w. Calculate m(y).
2
Let t be 2*9/(-6) - -5. Let c(p) = 1 + 3 - 2 + 2 + t - 2*p. What is c(10)?
-14
Let o(c) = c**2 + 9*c + 14. Let u = -2866 - -2856. Determine o(u).
24
Let b(d) be the third derivative of 0*d + 1/8*d**4 + 21*d**2 + 0 + 0*d**3. Calculate b(2).
6
Let s(x) = 32065*x - 2 - 1 + 32064*x - 64130*x + x**3 + 4 + x**2. What is s(3)?
34
Let t(i) = -i**3 + 7*i - 13. Let m be t(2). Let d(j) = j**3 + 7*j**2 + 8*j - 10. Calculate d(m).
-66
Let c be (-129)/(-15) - (-6)/(-10). Suppose -c*k = 26 - 18. Let d(b) = -6*b**2 + b + 1. Determine d(k).
-6
Let q(l) = l**3 - 11*l**2 - 27*l - 1. Let v(j) = -j**3 - 27*j**2 - 177*j + 2. Let d be v(-11). Give q(d).
-14
Let j(v) = -3*v + 23. Let y = -539 + 322. Let u = -207 - y. What is j(u)?
-7
Let w(j) = -j**2 + j + 1. Let x(v) = -v**2 - v + 4. Let q(z) = 5*w(z) - x(z). Let u(b) = 3*b**2 - 7*b - 1. Let g(m) = -6*q(m) - 5*u(m). Give g(-1).
9
Let i(b) be the first derivative of -b**3/3 - 3*b**2 - 13*b + 6136. Determine i(-4).
-5
Let j(n) = 11*n**2 - 27*n - 40. Let a(w) = 5*w**2 - 13*w - 19. Let i(r) = -9*a(r) + 4*j(r). Let f be (-5)/(-40) - (-19)/(-16)*-10. Calculate i(f).
-25
Let o(a) be the third derivative of -a**6/120 + 29*a**5/60 + a**4/12 + 31*a**3/3 + 384*a**2. Give o(29).
120
Let v(j) = 2*j**2 - j + 1. Let k(t) = 65*t + 29. Let o be k(-2). Let b = 114 - 15. Let m = b + o. Determine v(m).
11
Let g(x) = -7*x**3 + 3*x**3 + 3*x + 6*x**2 + 2484 + 5*x**3 - 2*x**3 - 2481. What is g(7)?
-25
Let k(s) = s**2 - 26*s - 32. Let d(b) = -2*b**2 + b. Let n(p) = -2*d(p) - k(p). What is n(-6)?
-4
Let b(l) be the third derivative of l**5/60 + 5*l**4/12 + l**3/3 - 10*l**2 + 26*l. Calculate b(-9).
-7
Let h(u) = -12*u - 16*u + 43*u - u**3 - 16*u + 8*u**2 + 3. Give h(7).
45
Let b(d) = 7 + 0 + 15073*d - 2*d**2 - 15087*d. Calculate b(-8).
-9
Let s(n) be the third derivative of n**6/120 - n**5/5 + n**4/8 - 47*n**3/6 - 1160*n**2. Determine s(12).
-11
Let l(c) = -6*c**2 + 2*c - 1. Let g = 2659 + -2657. Suppose 4*u = 0, -3*n + 20 = 2*n - 4*u. Suppose -3*o - s + g = -6, 5*o - 25 = -n*s. Calculate l(o).
-5
Let d(u) = u**2 - 8*u - 7. Let b be (1 - -10)*(3/(-1) + 2). Let h(c) = 2*c**2 + 21*c - 1. Let w be h(b). Suppose w*v - 77 = 13. Give d(v).
2
Suppose -4*a + s - 22 = 0, -27 = 4*a + 4*s + 5. Let c be ((-192)/(-18) - 9)/(2/a). Let q(y) = y**2 + 5*y + 2. What is q(c)?
2
Let b(f) = -f**2 + 32*f - 45. Let i(o) = -3*o**2 + 101*o - 147. Let a(k) = 7*b(k) - 2*i(k). Determine a(24).
-69
Let o(h) = -46*h. Let k(l) = 89*l + 1. Let g(f) = -k(f) - 2*o(f). Calculate g(-3).
-10
Let f(q) = -q**3 - 2*q**2 + 5*q + 2. Let w(h) = h**3 + h**2 - 2*h + 22. Let o be w(0). Let g = -143 - -118. Let z = o + g. Calculate f(z).
-4
Let x(n) = n**3 - 4*n**2 - 3*n + 5. Let z(d) = d + 62 - 58 + d**2 + 2*d. Let q be z(0). Determine x(q).
-7
Let c(j) be the third derivative of -1/30*j**5 - 5/24*j**4 + 0 - 1/6*j**3 + 0*j - 96*j**2. What is c(-3)?
-4
Let t(y) = -3*y**2 + 3*y**2 + 37*y + 6*y**2 - y**3 - 6 - 28*y. Let s be (2/5)/(7/490). Let g = s - 21. Determine t(g).
8
Let m(g) = 19*g**2 - 18*g + 16. Let a(d) = 52*d**2 - 52*d + 46. Let i(t) = 4*a(t) - 11*m(t). Let w(h) = h - 1. Let s be w(-8). Determine i(s).
17
Let s(b) be the first derivative of -b**3 - 2 - 2*b**2 - 2*b - 1/4*b**4. Suppose -5*c + 18 = 12*c - 26*c. Determine s(c).
2
Let z(y) = y**2 + 8*y + 17. Let c be (-20 + 1260/54)*(-3)/2. What is z(c)?
2
Let o = 154 + -156. Let w(t) = -5*t + 3*t + 2*t**2 + 46510 - t**2 - 46513. Give w(o).
5
Let g(f) be the first derivative of f**2 - 9*f - 754. Determine g(7).
5
Let f be 3 + (-5745)/25 + 2/(-10). Let a = -228 - f. Let d(t) = -12*t**3 - t**2 + t + 1. Give d(a).
11
Let b(y) = y**3 - 4*y**2 - 7*y + 17. Let p be b(5). Let k be (360/(-84) + 4)*p*-1. Let c(l